t is the thousands digit of 40292?
0
What is the tens digit of 1954?
5
What is the units digit of 4438?
8
What is the ten thousands digit of 131655?
3
What is the hundreds digit of 4991?
9
What is the ten thousands digit of 14847?
1
What is the tens digit of 5150?
5
What is the hundreds digit of 945?
9
What is the ten thousands digit of 11582?
1
What is the thousands digit of 8186?
8
What is the hundreds digit of 659?
6
What is the units digit of 57979?
9
What is the ten thousands digit of 10579?
1
What is the hundreds digit of 1643?
6
What is the units digit of 54508?
8
What is the ten thousands digit of 74333?
7
What is the thousands digit of 8849?
8
What is the units digit of 20441?
1
What is the hundreds digit of 2558?
5
What is the units digit of 37911?
1
What is the ten thousands digit of 29433?
2
What is the tens digit of 651?
5
What is the tens digit of 165837?
3
What is the tens digit of 18540?
4
What is the thousands digit of 169324?
9
What is the tens digit of 1386?
8
What is the tens digit of 2462?
6
What is the hundreds digit of 3720?
7
What is the units digit of 629?
9
What is the tens digit of 1657?
5
What is the tens digit of 18740?
4
What is the units digit of 12788?
8
What is the thousands digit of 1963?
1
What is the units digit of 22033?
3
What is the units digit of 539?
9
What is the hundreds digit of 1590?
5
What is the tens digit of 5911?
1
What is the thousands digit of 31055?
1
What is the units digit of 266?
6
What is the hundreds digit of 3416?
4
What is the thousands digit of 80407?
0
What is the thousands digit of 2228?
2
What is the thousands digit of 32283?
2
What is the hundreds digit of 26648?
6
What is the units digit of 2201?
1
What is the thousands digit of 3750?
3
What is the thousands digit of 54619?
4
What is the thousands digit of 2921?
2
What is the hundreds digit of 2260?
2
What is the tens digit of 879?
7
What is the thousands digit of 11244?
1
What is the units digit of 4185?
5
What is the thousands digit of 2798?
2
What is the ten thousands digit of 15838?
1
What is the tens digit of 10999?
9
What is the ten thousands digit of 121059?
2
What is the hundreds digit of 99424?
4
What is the units digit of 18387?
7
What is the hundreds digit of 2253?
2
What is the thousands digit of 5815?
5
What is the hundreds digit of 25622?
6
What is the ten thousands digit of 27609?
2
What is the units digit of 220?
0
What is the units digit of 290?
0
What is the ten thousands digit of 15864?
1
What is the units digit of 2508?
8
What is the ten thousands digit of 37871?
3
What is the units digit of 19573?
3
What is the units digit of 6358?
8
What is the ten thousands digit of 164856?
6
What is the hundreds digit of 18377?
3
What is the tens digit of 257?
5
What is the hundreds digit of 2547?
5
What is the units digit of 548?
8
What is the hundreds digit of 2047?
0
What is the thousands digit of 2519?
2
What is the units digit of 576?
6
What is the thousands digit of 4709?
4
What is the units digit of 2719?
9
What is the units digit of 8077?
7
What is the units digit of 16819?
9
What is the hundreds digit of 4391?
3
What is the units digit of 39577?
7
What is the units digit of 3158?
8
What is the tens digit of 21348?
4
What is the units digit of 301?
1
What is the units digit of 31985?
5
What is the units digit of 4254?
4
What is the tens digit of 5194?
9
What is the thousands digit of 23267?
3
What is the thousands digit of 1630?
1
What is the thousands digit of 23762?
3
What is the units digit of 713?
3
What is the tens digit of 1664?
6
What is the hundreds digit of 1774?
7
What is the tens digit of 2224?
2
What is the thousands digit of 29330?
9
What is the units digit of 69050?
0
What is the thousands digit of 166349?
6
What is the units digit of 9712?
2
What is the thousands digit of 1619?
1
What is the units digit of 50624?
4
What is the tens digit of 26926?
2
What is the hundreds digit of 233?
2
What is the tens digit of 2885?
8
What is the tens digit of 994?
9
What is the thousands digit of 9287?
9
What is the tens digit of 50925?
2
What is the hundreds digit of 20568?
5
What is the units digit of 1016?
6
What is the tens digit of 13119?
1
What is the tens digit of 19441?
4
What is the tens digit of 5760?
6
What is the units digit of 49767?
7
What is the tens digit of 16474?
7
What is the ten thousands digit of 23488?
2
What is the hundreds digit of 2635?
6
What is the hundreds digit of 138212?
2
What is the units digit of 23389?
9
What is the thousands digit of 11571?
1
What is the units digit of 11497?
7
What is the tens digit of 97176?
7
What is the units digit of 43856?
6
What is the tens digit of 3633?
3
What is the hundreds digit of 4858?
8
What is the hundreds digit of 1516?
5
What is the ten thousands digit of 13451?
1
What is the tens digit of 2250?
5
What is the tens digit of 3719?
1
What is the tens digit of 1775?
7
What is the thousands digit of 48426?
8
What is the thousands digit of 8662?
8
What is the hundreds digit of 1452?
4
What is the ten thousands digit of 45691?
4
What is the hundreds digit of 8225?
2
What is the hundreds digit of 3130?
1
What is the tens digit of 48197?
9
What is the thousands digit of 3864?
3
What is the ten thousands digit of 51058?
5
What is the ten thousands digit of 10564?
1
What is the thousands digit of 19078?
9
What is the tens digit of 676?
7
What is the hundreds digit of 13496?
4
What is the thousands digit of 3926?
3
What is the units digit of 169?
9
What is the hundreds digit of 140315?
3
What is the units digit of 7638?
8
What is the tens digit of 13746?
4
What is the ten thousands digit of 28712?
2
What is the tens digit of 913?
1
What is the units digit of 4461?
1
What is the thousands digit of 1007?
1
What is the ten thousands digit of 14566?
1
What is the units digit of 2327?
7
What is the units digit of 70032?
2
What is the hundreds digit of 24849?
8
What is the tens digit of 612?
1
What is the thousands digit of 1334?
1
What is the hundreds digit of 814?
8
What is the tens digit of 11481?
8
What is the hundreds digit of 495?
4
What is the thousands digit of 37675?
7
What is the units digit of 436?
6
What is the hundreds digit of 7493?
4
What is the units digit of 3473?
3
What is the tens digit of 74297?
9
What is the units digit of 44017?
7
What is the hundreds digit of 3817?
8
What is the units digit of 26270?
0
What is the units digit of 8353?
3
What is the hundreds digit of 718?
7
What is the units digit of 1897?
7
What is the thousands digit of 1450?
1
What is the units digit of 2027?
7
What is the hundreds digit of 1176?
1
What is the hundreds digit of 6804?
8
What is the tens digit of 22984?
8
What is the units digit of 2861?
1
What is the units digit of 51548?
8
What is the tens digit of 4844?
4
What is the tens digit of 9283?
8
What is the hundreds digit of 47502?
5
What is the hundreds digit of 928?
9
What is the units digit of 8819?
9
What is the units digit of 50715?
5
What is the thousands digit of 5012?
5
What is the thousands digit of 9219?
9
What is the hundreds digit of 602?
6
What is the tens digit of 5234?
3
What is the hundreds digit of 1277?
2
What is the units digit of 55004?
4
What is the thousands digit of 1111?
1
What is the hundreds digit of 1139?
1
What is the thousands digit of 1055?
1
What is the units digit of 1510?
0
What is the units digit of 6271?
1
What is the hundreds digit of 416?
4
What is the thousands digit of 16730?
6
What is the thousands digit of 1412?
1
What is the tens digit of 4170?
7
What is the units digit of 3169?
9
What is the units digit of 3527?
7
What is the hundreds digit of 1403?
4
What is the thousands digit of 19853?
9
What is the hundreds digit of 2299?
2
What is the thousands digit of 39835?
9
What is the tens digit of 42368?
6
What is the units digit of 5329?
9
What is the thousands digit of 3374?
3
What is the tens digit of 2841?
4
What is the units digit of 44732?
2
What is the hundreds digit of 62088?
0
What is the tens digit of 23931?
3
What is the units digit of 138?
8
What is the hundreds digit of 15238?
2
What is the tens digit of 654?
5
What is the units digit of 6482?
2
What is the units digit of 650?
0
What is the hundreds digit of 2488?
4
What is the tens digit of 8883?
8
What is